divided by 419?
416
Calculate the remainder when 566 is divided by 216.
134
Calculate the remainder when 5730 is divided by 1432.
2
Calculate the remainder when 17143 is divided by 5711.
10
What is the remainder when 21020 is divided by 89?
16
Calculate the remainder when 33167 is divided by 33144.
23
What is the remainder when 439193 is divided by 976?
969
Calculate the remainder when 460 is divided by 423.
37
What is the remainder when 35811 is divided by 358?
11
Calculate the remainder when 1981 is divided by 225.
181
Calculate the remainder when 703 is divided by 353.
350
What is the remainder when 92228 is divided by 42?
38
Calculate the remainder when 67980 is divided by 16.
12
Calculate the remainder when 159362 is divided by 65.
47
What is the remainder when 2159 is divided by 419?
64
Calculate the remainder when 904 is divided by 55.
24
Calculate the remainder when 48692 is divided by 41.
25
What is the remainder when 3071 is divided by 517?
486
Calculate the remainder when 690028 is divided by 345005.
18
Calculate the remainder when 374 is divided by 373.
1
Calculate the remainder when 1438 is divided by 230.
58
What is the remainder when 1692 is divided by 542?
66
Calculate the remainder when 40347 is divided by 40336.
11
What is the remainder when 7181 is divided by 2393?
2
What is the remainder when 589357 is divided by 301?
300
Calculate the remainder when 62 is divided by 23.
16
Calculate the remainder when 164159 is divided by 3350.
9
What is the remainder when 1669 is divided by 1461?
208
What is the remainder when 188603 is divided by 35?
23
Calculate the remainder when 12807 is divided by 8.
7
What is the remainder when 117501 is divided by 204?
201
What is the remainder when 61946 is divided by 26?
14
What is the remainder when 1409 is divided by 394?
227
What is the remainder when 32802 is divided by 16?
2
What is the remainder when 22341 is divided by 42?
39
Calculate the remainder when 5983990 is divided by 217.
215
Calculate the remainder when 3182 is divided by 41.
25
Calculate the remainder when 109610 is divided by 243.
17
What is the remainder when 10011 is divided by 152?
131
Calculate the remainder when 777 is divided by 196.
189
What is the remainder when 4025 is divided by 170?
115
What is the remainder when 4619423 is divided by 51?
47
What is the remainder when 9020 is divided by 25?
20
Calculate the remainder when 12264 is divided by 361.
351
What is the remainder when 3212 is divided by 1018?
158
What is the remainder when 50469 is divided by 10091?
14
Calculate the remainder when 191561 is divided by 42.
41
What is the remainder when 262261 is divided by 1660?
1641
What is the remainder when 2958 is divided by 500?
458
Calculate the remainder when 568078 is divided by 18.
16
What is the remainder when 2934 is divided by 720?
54
Calculate the remainder when 39356 is divided by 6541.
110
Calculate the remainder when 2628 is divided by 24.
12
Calculate the remainder when 11490 is divided by 1914.
6
Calculate the remainder when 2707902 is divided by 232.
230
Calculate the remainder when 34605 is divided by 752.
13
Calculate the remainder when 1227688 is divided by 4.
0
Calculate the remainder when 159402 is divided by 759.
12
What is the remainder when 3808 is divided by 345?
13
What is the remainder when 17373 is divided by 4342?
5
What is the remainder when 1649 is divided by 496?
161
Calculate the remainder when 631 is divided by 355.
276
What is the remainder when 4959 is divided by 1038?
807
Calculate the remainder when 4838 is divided by 1202.
30
What is the remainder when 58117 is divided by 19371?
4
What is the remainder when 16167 is divided by 376?
375
What is the remainder when 8835 is divided by 2938?
21
What is the remainder when 231933 is divided by 302?
299
Calculate the remainder when 28514 is divided by 4072.
10
What is the remainder when 139109 is divided by 7?
5
Calculate the remainder when 10854 is divided by 854.
606
Calculate the remainder when 361 is divided by 322.
39
Calculate the remainder when 8310 is divided by 44.
38
Calculate the remainder when 2725 is divided by 1358.
9
What is the remainder when 25855 is divided by 473?
313
What is the remainder when 6266 is divided by 285?
281
Calculate the remainder when 2367 is divided by 330.
57
What is the remainder when 46123 is divided by 125?
123
What is the remainder when 66908 is divided by 315?
128
Calculate the remainder when 619598 is divided by 206526.
20
What is the remainder when 7485 is divided by 7418?
67
What is the remainder when 5897352 is divided by 2358?
2352
What is the remainder when 194937 is divided by 95?
92
Calculate the remainder when 5475 is divided by 853.
357
Calculate the remainder when 496734 is divided by 51.
45
Calculate the remainder when 3493 is divided by 1092.
217
Calculate the remainder when 26740 is divided by 622.
616
Calculate the remainder when 34487 is divided by 55.
2
What is the remainder when 44401 is divided by 2775?
1
Calculate the remainder when 62125 is divided by 406.
7
What is the remainder when 4050 is divided by 4028?
22
Calculate the remainder when 46930 is divided by 12.
10
Calculate the remainder when 5680 is divided by 1303.
468
What is the remainder when 52993 is divided by 10598?
3
Calculate the remainder when 25172 is divided by 484.
4
What is the remainder when 12293 is divided by 227?
35
What is the remainder when 8377 is divided by 566?
453
What is the remainder when 886722 is divided by 3?
0
What is the remainder when 14890 is divided by 191?
183
Calculate the remainder when 926405 is divided by 37.
36
Calculate the remainder when 38949 is divided by 683.
18
What is the remainder when 18312 is divided by 452?
232
What is the remainder when 829228 is divided by 53?
43
Calculate the remainder when 9687 is divided by 313.
297
What is the remainder when 12379 is divided by 2060?
19
Calculate the remainder when 15817 is divided by 177.
64
Calculate the remainder when 39 is divided by 12.
3
What is the remainder when 2503 is divided by 1174?
155
Calculate the remainder when 7364 is divided by 129.
11
What is the remainder when 13225 is divided by 45?
40
What is the remainder when 10532 is divided by 3318?
578
What is the remainder when 91929 is divided by 1168?
825
What is the remainder when 866 is divided by 318?
230
Calculate the remainder when 1076 is divided by 424.
228
What is the remainder when 24566 is divided by 417?
380
What is the remainder when 11695 is divided by 2?
1
Calculate the remainder when 4671 is divided by 1552.
15
Calculate the remainder when 117235 is divided by 57.
43
What is the remainder when 64824 is divided by 617?
39
Calculate the remainder when 6583 is divided by 438.
13
Calculate the remainder when 833 is divided by 228.
149
Calculate the remainder when 1767 is divided by 37.
28
Calculate the remainder when 93739 is divided by 601.
584
Calculate the remainder when 81445 is divided by 51.
49
Calculate the remainder when 748 is divided by 188.
184
What is the remainder when 598907 is divided by 85?
82
What is the remainder when 82394 is divided by 16476?
14
What is the remainder when 33014 is divided by 89?
84
Calculate the remainder when 17736 is divided by 81.
78
Calculate the remainder when 44751 is divided by 302.
55
What is the remainder when 67861 is divided by 336?
325
Calculate the remainder when 3357 is divided by 15.
12
Calculate the remainder when 1172429 is divided by 43.
34
What is the remainder when 282066 is divided by 184?
178
What is the remainder when 87249 is divided by 6708?
45
Calculate the remainder when 3339061 is divided by 151.
149
What is the remainder when 67133 is divided by 60?
53
What is the remainder when 11731 is divided by 97?
91
What is the remainder when 259311 is divided by 1029?
3
Calculate the remainder when 25326 is divided by 8377.
195
Calculate the remainder when 2450014 is divided by 423.
421
Calculate the remainder when 1516 is divided by 269.
171
Calculate the remainder when 453 is divided by 150.
3
Calculate the remainder when 39305 is divided by 1273.
1115
What is the remainder when 1606 is divided by 267?
4
Calculate the remainder when 82275 is divided by 180.
15
Calculate the remainder when 2437 is divid